is 1 - 86a5148?
-86a5147
In base 5, what is 40 - 1313420?
-1313330
In base 13, what is 88c - -8a7?
1466
In base 15, what is -4 - -105c5c2?
105c5bd
In base 16, what is -227 - 555f?
-5786
In base 4, what is 111201103323 - 11?
111201103312
In base 7, what is -25216423 + 6?
-25216414
In base 12, what is 13374 - 3337?
10039
In base 12, what is 1173 + -4121?
-2b6a
In base 15, what is -a3d2e + 27?
-a3d07
In base 8, what is -4313 + -14656?
-21171
In base 8, what is -11 - -331475640?
331475627
In base 4, what is -21222213222 + -3?
-21222213231
In base 9, what is 43 + -16761701?
-16761647
In base 5, what is -242 - 321023221?
-321024013
In base 16, what is 3fa5b18 + 3?
3fa5b1b
In base 14, what is 365 - 2b70?
-2809
In base 4, what is -132132011 - -2030?
-132123321
In base 16, what is -1e24ad - -2?
-1e24ab
In base 8, what is -50476713 - -5?
-50476706
In base 14, what is a + -d97b9?
-d97ad
In base 6, what is 341 + -522532?
-522151
In base 14, what is b385 + bb9?
c160
In base 12, what is -307 - 2b5a07?
-2b6112
In base 7, what is 330 + 1203434?
1204064
In base 12, what is 2 - -1a89877b?
1a898781
In base 11, what is 3a737 + 14a?
3a886
In base 9, what is 2 - -35782804?
35782806
In base 14, what is a7 - -18228?
182d1
In base 16, what is -1f6 + -29543?
-29739
In base 3, what is -20222210211211201 - -11?
-20222210211211120
In base 14, what is 190538 - -15?
19054d
In base 6, what is -12 + -55140113?
-55140125
In base 14, what is -b18c - 185a?
-ca08
In base 16, what is -119 - -f5b?
e42
In base 14, what is -211d9 + 2d?
-211aa
In base 16, what is 29 - 2ec6a1?
-2ec678
In base 9, what is 107667434 + 2?
107667436
In base 3, what is -101101020 - 2201211?
-111010001
In base 12, what is -9 + 42aa7?
42a9a
In base 12, what is 7643 - -218?
785b
In base 8, what is 70765 - 52?
70713
In base 10, what is -17 - -2053784?
2053767
In base 11, what is -11805078 + -4?
-11805081
In base 9, what is 1545 + 18365?
21021
In base 5, what is 13 - -2200434302?
2200434320
In base 3, what is 1122200012120 - 12?
1122200012101
In base 7, what is -215 - -144530?
144312
In base 14, what is 1910a + -1c6?
18d24
In base 8, what is 24116 - -1462?
25600
In base 10, what is -190 + 1516300?
1516110
In base 8, what is -24512 - 6427?
-33141
In base 14, what is -10905a + -2a4?
-109320
In base 7, what is -3 + 3514500211?
3514500205
In base 7, what is -11150 - -31335?
20155
In base 8, what is 4 + 1017166?
1017172
In base 4, what is 20220201 - 2000030?
12220111
In base 4, what is -23102222 - -12032?
-23030130
In base 16, what is 8fcac - -1b1?
8fe5d
In base 12, what is 36 + 867b501?
867b537
In base 4, what is 22313122013 - 3?
22313122010
In base 15, what is 1ea + -352a?
-3330
In base 12, what is 15509 + 11?
1551a
In base 6, what is -11205 - -1400013?
1344404
In base 4, what is -321 - 33231103?
-33232030
In base 13, what is 186aac9 - 0?
186aac9
In base 8, what is -5 + -272337567?
-272337574
In base 16, what is -7 - 1443b?
-14442
In base 6, what is -101 + 353202?
353101
In base 7, what is -23432425 + 1?
-23432424
In base 10, what is -242 - 1188013?
-1188255
In base 2, what is 1 - 1100100001000?
-1100100000111
In base 2, what is -1100111110001010 - 100000011?
-1101000010001101
In base 5, what is 10101 - 131410?
-121304
In base 11, what is 3 - -22874371?
22874374
In base 6, what is -412 - -231521?
231105
In base 14, what is -2546bd1 + -5?
-2546bd6
In base 2, what is 110 - -11000111110001000111011?
11000111110001001000001
In base 15, what is 7 + -5195a?
-51953
In base 6, what is -1330 + -231304?
-233034
In base 10, what is -4952 - -1451?
-3501
In base 13, what is -8a9900a + -2?
-8a9900c
In base 5, what is 2 - -1333103131?
1333103133
In base 8, what is -5 - 1416120164?
-1416120171
In base 3, what is 1120 - -122020212?
122022102
In base 5, what is -2401324 + -242430?
-3144304
In base 3, what is -11022 + 12120201?
12102102
In base 3, what is 12101 - -12020101012011?
12020101101112
In base 8, what is 1 + -5400417?
-5400416
In base 14, what is -d09ad8 - -7?
-d09ad1
In base 6, what is -140201451 + -1?
-140201452
In base 12, what is -9974615 - 7?
-9974620
In base 3, what is -20 + -2211022102201?
-2211022102221
In base 16, what is 2 - -404136?
404138
In base 15, what is 1 - -2955065?
2955066
In base 10, what is -4 + 14995597?
14995593
In base 2, what is 1110011 - 100011111101111010010?
-100011111101101011111
In base 2, what is -10111011100001011001101 - 10110010?
-10111011100001101111111
In base 10, what is -118663713 + -2?
-118663715
In base 9, what is 120 + -120814?
-120684
In base 10, what is 1176 - -42884?
44060
In base 9, what is 61 + 1321688?
1321760
In base 8, what is 6617055 + 10?
6617065
In base 9, what is 560 + 458126?
458686
In base 10, what is -3 - -423862?
423859
In base 3, what is 1211100 + 222100212?
1001012012
In base 15, what is -2a8a - -12110?
e575
In base 3, what is 1111121222122000 + 10?
1111121222122010
In base 14, what is 4ac5 - -13b47?
1882c
In base 6, what is -35312552124 - 10?
-35312552134
In base 13, what is 11 - -4509bb?
4509cc
In base 13, what is 204 + 211c7?
213cb
In base 4, what is 12103122233320 - 11?
12103122233303
In base 5, what is 4 - 102133431?
-102133422
In base 14, what is 541 + 3054?
3595
In base 5, what is 0 - -443240120?
443240120
In base 15, what is -a881be - -2a?
-a88194
In base 2, what is -10001110011010111111010 - 101?
-10001110011010111111111
In base 8, what is 172642136 + 5?
172642143
In base 6, what is -4 - -33225511?
33225503
In base 12, what is a6b90 - 138?
a6a54
In base 7, what is -113016 + -424116?
-540135
In base 6, what is -1 - 410400020?
-410400021
In base 14, what is -11 + 666185?
666174
In base 14, what is 147 + -58c4b6?
-58c36d
In base 5, what is -4 + 43314241222?
43314241213
In base 4, what is 121113230 + 113130?
121233020
In base 11, what is 9 + 130351?
13035a
In base 11, what is 3 + -3731a73?
-3731a70
In base 2, what is -100 + 110110101101011110110001?
110110101101011110101101
In base 4, what is 10311 - 302102?
-231131
In base 8, what is -142135 + -45?
-142202
In base 7, what is 142 - -12354065?
12354240
In base 9, what is 6131 + -12645?
-5514
In base 10, what is 9 + 19786877?
19786886
In base 5, what is 3 - -2331411142?
2331411200
In base 6, what is 312122314 - 32?
312122242
In base 15, what is -129c - -14?
-1288
In base 13, what is -2 + -90235b?
-902360
In base 16, what is -1b + 73bf6?
73bdb
In base 15, what is -b57c - -26?
-b556
In base 11, what is -3575 - -371?
-3204
In base 9, what is -22337 - -50473?
27135
In base 15, what is -8c2c - -418?
-8814
In base 2, what is -100000110001000110101100011 + -11000?
-100000110001000110101111011
In base 3, what is -121100102 - -11100021?
-110000011
In base 13, what is a63b8 - -172?
a655a
In base 4, what is -1 - 3131313030110?
-3131313030111
In base 5, what is 130021 + 300?
130321
In base 6, what is 251540 - -33535?
325515
In base 10, what is 130 + -117448?
-117318
In base 12, what is 2b750 - -6b5?
30245
In base 2, what is 100000 + -10100100111111010001?
-10100100111110110001
In base 2, what is 10010001100011 - 11010111101100?
-1000110001001
In base 15, what is -2 + -1ad684b?
-1ad684d
In base 4, what is 122211102 - 1131?
122203311
In base 11, what is 17901a - -19a?
179209
In base 7, what is -233112 + 32361?
-200421
In base 3, what is 1120001000 + 11212220?
1201220220
In base 10, what is 4312 + -299?
4013
In base 9, what is -14 + -586072?
-586086
In base 15, what is -310 - 366?
-676
In base 11, what is 92961940a - 0?
92961940a
In base 15, what is -85c7c + 1a?
-85c62
In base 2, what is 0 - 1000010100011110001110000?
-1000010100011110001110000
In base 5, what is -1142101 - -43430?
-1043121
In base 9, what is 26 - 1420806?
-1420770
In base 16, what is -5b + 960d?
95b2
In base 13, what is 174a4 - -c3?
17597
In base 6, what is -5 - -1515325434?
1515325425
In base 12, what is -10396b75 - 4?
-10396b79
In base 2, what is 1100011 - -1111011001001000110?
1111011001010101001
In base 13, what is 613 - 5285?
-4972
In base 2, what is -101100101111001010 - -1100110010?
-101100100010011000
In base 13, what is -21 - 229173?
-229194
In base 10, what is 20551 - 6447?
14104
In base 3, what is -20000011102210 - 1?
-20000011102211
In base 10, what is 1 - -10845257?
10845258
In base 4, what is -10131222301 + -3?
-10131222310
In base 11, what is